k - 10238. Determine t(-2).
-6
Let p(g) = g**3 + 8*g**2 + 140*g + 1320. Calculate p(-9).
-21
Let a(g) = g**2 + 42*g + 91. Give a(-39).
-26
Let b(x) = -3*x**3 + 84*x**2 + 82*x + 175. Calculate b(29).
30
Let z(h) = -h**3 - 20*h**2 + 27*h - 47. Give z(-21).
-173
Let n(i) = -i**3 + 3*i**2 + 26*i + 6. What is n(7)?
-8
Let m(s) = -83*s + 2038. Calculate m(24).
46
Let s(v) = -2*v**2 + 40*v - 173. Calculate s(8).
19
Let t(h) = -4*h**3 + 5*h**2 - 81*h + 77. Determine t(1).
-3
Let n(o) = 1526*o + 5810. Calculate n(-4).
-294
Let u(r) = r**3 + 9*r**2 + 32*r + 88. Calculate u(-5).
28
Let p(f) = 7*f**2 + 16*f - 10. Give p(1).
13
Let a(y) = y**3 + 4*y**2 - 184*y - 27. Give a(8).
-731
Let p(h) = h**2 + 68*h + 1144. Give p(-37).
-3
Let x(p) = 11*p - 270. What is x(25)?
5
Let h(n) = -18*n - 1769. Calculate h(-98).
-5
Let l(q) = 23*q**2 - 128*q - 56. What is l(6)?
4
Let l(u) = 5*u**2 - 93*u + 243. Calculate l(3).
9
Let w(g) = 2418*g + 9672. What is w(-4)?
0
Let t(p) = -p**2 - 56*p + 361. Give t(6).
-11
Let m(b) = -152*b - 19618. Give m(-129).
-10
Let f(o) = -o**2 + 78*o - 1366. Calculate f(30).
74
Let n(w) = -1153*w + 57654. What is n(50)?
4
Let z(o) = o**2 + 11*o + 79. What is z(-17)?
181
Let u(w) = w**3 + 43*w**2 - w - 60. What is u(-43)?
-17
Let t(y) = 2*y**2 - 17*y + 9. Determine t(9).
18
Let f(a) = 48*a - 2394. Calculate f(45).
-234
Let f(w) = 589*w + 593. What is f(-1)?
4
Let a(i) = -16*i - 141. Give a(-9).
3
Let j(b) = 35*b + 126. Calculate j(-7).
-119
Let k(t) = -2*t**2 + 10*t - 92. Give k(7).
-120
Let m(j) = -29*j + 1133. What is m(36)?
89
Let n(o) = -6*o**3 - 377*o**2 + 140*o + 4847. Calculate n(-63).
-4
Let p(h) = 21*h + 668. Give p(-45).
-277
Let t(r) = -66*r - 172. Calculate t(-5).
158
Let w(x) = 8*x**2 - 62*x + 48. Give w(9).
138
Let g(s) = 248*s + 2680. Give g(-11).
-48
Let f(c) = 4*c**2 - 59*c + 244. Determine f(10).
54
Let a(l) = 220*l + 1354. What is a(-6)?
34
Let i(a) = 48*a - 475. What is i(10)?
5
Let q(v) = 19*v**2 - 112*v - 110. What is q(-1)?
21
Let k(n) = 5*n**3 + 23*n**2 + 28*n + 14. Give k(-6).
-406
Let i(u) = -3*u**2 - 42*u - 9. What is i(-17)?
-162
Let s(f) = 68*f - 20. Determine s(-2).
-156
Let w(v) = -147*v - 1767. What is w(-12)?
-3
Let d(b) = -b**2 - 28*b - 48. Give d(-24).
48
Let p(w) = -w**3 + 45*w**2 - 132*w + 158. What is p(42)?
-94
Let f(u) = 4*u + 8. Calculate f(-32).
-120
Let u(l) = 5*l - 356. Calculate u(13).
-291
Let i(h) = 89*h + 344. Calculate i(-3).
77
Let n(j) = -58*j + 37. Determine n(2).
-79
Let u(b) = b**3 + 8*b**2 - 40*b - 35. Calculate u(-11).
42
Let h(p) = -p**3 + 144*p**2 - 400*p - 3242. Give h(141).
1
Let j(a) = 9*a**2 + 10*a + 2. What is j(-4)?
106
Let j(h) = -362*h + 2913. Calculate j(8).
17
Let w(j) = -47*j**2 + 328*j + 18. What is w(7)?
11
Let x(j) = 6*j**2 + 684*j + 32. Calculate x(-114).
32
Let j(n) = 29830*n - 238634. Determine j(8).
6
Let r(a) = 13*a - 434. Determine r(34).
8
Let p(l) = 41*l - 425. Calculate p(10).
-15
Let p(d) = 7*d**2 + 251*d + 215. What is p(-35)?
5
Let n(g) = 29*g + 1530. Calculate n(-53).
-7
Let t(g) = 2*g**3 + 33*g**2 + 134*g + 45. Determine t(-7).
38
Let a(s) = -11*s - 764. What is a(-82)?
138
Let p(w) = 3*w**2 + 101*w + 413. What is p(-29)?
7
Let y(r) = 10*r**2 - 826*r - 7242. Determine y(-8).
6
Let l(x) = -x**3 - 5*x**2 + 9*x + 33. Calculate l(-3).
-12
Let q(n) = n**2 + 234*n - 1144. What is q(5)?
51
Let v(f) = f**3 - 11*f**2 - 279*f + 68. Calculate v(23).
-1
Let l(w) = -w**2 - 44*w - 277. Give l(-38).
-49
Let v(t) = -t**2 + 28*t + 23. Calculate v(25).
98
Let h(k) = k**2 + k - 118. Give h(-15).
92
Let a(i) = i**3 + 29*i - 61. Calculate a(2).
5
Let l(g) = 61*g - 7197. Give l(118).
1
Let u(k) = 5*k**2 - 14*k + 14. What is u(1)?
5
Let w(v) = 3*v**3 + 56*v**2 - 23*v + 63. Calculate w(-19).
139
Let v(i) = -7*i + 5. What is v(0)?
5
Let b(x) = 13*x + 325. Give b(-31).
-78
Let w(b) = -1182*b - 87464. Calculate w(-74).
4
Let t(n) = n**2 + 29*n + 57. Calculate t(-2).
3
Let m(v) = v**3 - 7*v**2 + 9*v - 52. Determine m(7).
11
Let y(i) = -i**3 - 14*i**2 - 7*i - 89. What is y(-14)?
9
Let o(i) = -i**3 + 27*i**2 + 96*i - 184. Calculate o(30).
-4
Let b(d) = 650*d + 14962. Give b(-23).
12
Let a(b) = b**3 - 43*b**2 - 39*b - 217. What is a(44)?
3
Let a(h) = h**3 - 2*h**2 - 6*h + 5. What is a(-6)?
-247
Let r(g) = 43*g - 7. What is r(1)?
36
Let c(t) = 2367*t + 14195. Calculate c(-6).
-7
Let f(u) = u**3 + 7*u**2 + 50*u + 220. What is f(-6)?
-44
Let w(u) = -2*u**2 - 37*u + 62. Calculate w(-18).
80
Let q(a) = 1431*a + 131640. Calculate q(-92).
-12
Let r(g) = 5*g**2 + 43*g - 20. What is r(-9)?
-2
Let p(q) = 235*q - 709. Give p(3).
-4
Let b(v) = v**2 - 847*v + 12486. What is b(15)?
6
Let c(p) = 458*p + 445. Give c(-1).
-13
Let j(f) = -2414*f + 55514. What is j(23)?
-8
Let l(d) = -10090*d + 20187. Give l(2).
7
Let o(b) = b**2 - 171*b + 839. What is o(166)?
9
Let a(v) = 2*v**3 - 30*v**2 - 223*v + 43. Calculate a(21).
652
Let i(d) = -6*d**3 - 65*d**2 - 6*d - 167. What is i(-11)?
20
Let a(d) = 1071*d + 11901. Determine a(-11).
120
Let m(r) = -291*r + 12223. What is m(42)?
1
Let f(g) = -94*g - 258. Calculate f(-6).
306
Let g(c) = -c**2 + 333*c + 2731. Determine g(-8).
3
Let s(x) = 12*x**2 - 245*x - 417. Determine s(22).
1
Let w(p) = -340*p**3 - 12*p**2 - 17*p - 4. Give w(-1).
341
Let z(s) = -2*s**3 - 9*s**2 + 75*s + 35. What is z(-8)?
-117
Let y(k) = 7*k**2 - 112*k + 426. Determine y(9).
-15
Let t(g) = -g**3 + 26*g**2 + 42*g - 105. Determine t(28).
-497
Let i(b) = -b**3 - 12*b**2 + 22*b + 32. Give i(-8).
-400
Let m(s) = -s**2 - 5*s - 135. Calculate m(0).
-135
Let g(p) = -p**3 + 35*p**2 - 31*p - 115. Calculate g(34).
-13
Let p(u) = -29*u + 432. Calculate p(17).
-61
Let v(r) = -14*r**2 - 44*r + 29. Determine v(-4).
-19
Let a(k) = -k**2 - 37*k - 311. Determine a(-21).
25
Let m(n) = 3*n**2 + 268*n + 96. Determine m(-89).
7
Let x(v) = -16*v**3 + 66*v**2 - 9*v + 8. What is x(4)?
4
Let u(s) = -9*s**2 + 69*s - 18. What is u(8)?
-42
Let g(r) = -2*r**2 - 43*r - 40. Determine g(-22).
-62
Let b(m) = 14*m - 290. Give b(22).
18
Let o(v) = 2*v**3 - 12*v**2 - 32*v + 197. Give o(6).
5
Let q(m) = -2564*m - 30766. Give q(-12).
2
Let c(r) = r**2 + 52*r + 259. Calculate c(-46).
-17
Let r(g) = g**3 + 5*g**2 - 16*g + 170. Calculate r(-9).
-10
Let v(r) = r**3 - 14*r**2 - 58*r + 644. Calculate v(15).
-1
Let i(j) = -2706*j - 5476. Determine i(-2).
-64
Let z(p) = p**3 + 2*p**2 + 402*p - 1246. Determine z(3).
5
Let i(n) = -n**2 + 79*n - 670. Calculate i(10).
20
Let n(g) = -27*g - 506. Determine n(-5).
-371
Let r(d) = -d**3 + 64*d**2 + 1191*d + 92. Determine r(-15).
2
Let h(z) = z**3 + 15*z**2 + 32*z + 3. Determine h(-11).
135
Let m(s) = s**3 + 34*s**2 + 38*s + 58. Determine m(-33).
-107
Let s(o) = -o**3 + 9*o**2 - 271*o + 2074. What is s(8)?
-30
Let a(f) = 29*f**2 + 236*f + 18. Calculate a(-8).
-14
Let d(y) = 10*y**2 - 201*y + 16. Give d(20).
-4
Let z(l) = -l**2 - 43*l - 359. Determine z(-11).
-7
Let i(y) = y**3 - 81*y**2 + 27*y - 8937. What is i(82)?
1
Let k(i) = i**3 - 3*i**2 + i + 55. Determine k(0).
55
Let z(c) = 164*c + 804. Calculate z(-5).
-16
Let q(p) = -p**2 - 30*p - 30. Determine q(-27).
51
Let b(w) = -36*w + 389. What is b(11)?
-7
Let m(z) = -z**2 - 38*z + 12. Give m(-40).
-68
Let o(d) = -d**2 - 11*d + 5. What is o(1)?
-7
Let s(w) = 8*w**2 - 65*w - 77. What is s(9)?
-14
Let h(b) = 14*b**3 - 3*b**2 + 32*b - 31. Determine h(1).
12
Let t(o) = -28*o - 636. Determine t(-25).
64
Let x(c) = -355*c**2 + 2*c + 1. Determine x(-1).
-356
Let k(h) = h**3 - 55*h**2 - 233*h - 172. What is k(59)?
5
Let v(i) = -i**2 + 16*i + 14. Determine v(-3).
-43
Let w(c) = -c**3 - 33*c**2 + 150*c + 63. What is w(-37)?
-11
Let s(m) = 6*m - 315. Determine s(37).
-93
Let z(k) = -249*k - 759. Determine z(-3).
-12
Let i(u) = u**2 - 147*u - 20032. Determine i(233).
6
Let w(r) = 1809*r + 28947. Give w(-16).
3
Let f(s) = -s**2 + 18*s + 1676. What is f(51)?
-7
Let x(f) = -613*f - 2457. Calculate x(-4).
-5
Let m(x) = -x**3 + 44*x**2 + 91*x + 70. Give m(46).
24
Let x(n) = -53*n - 780. Determine x(-15).
15
Let y(q) = -831*q - 2484. What is y(-3)?
9
Let v(q) = 3*q**3 - 22*q**2 + 22*q - 3. What is v(5)?
-68
Let r(i) = i**3 + 74*i**2 + 1116*i + 65. What is r(-21)?
2
Let f(a) = 313*a + 57. Determine f(-1).
-256
Let k(y) = -7*y**2 - 118*y - 170. Give k(-15).
25
Let 